s) = -s**2 - 3*s - 1 + 1 + 3. Suppose 2*w - 7 + 15 = -2*n, -16 = -w + 4*n. Suppose -5*f = -w + 15. Calculate x(f).
3
Let z be 21/(-28) + 0 - 11/(-4). Let r(g) = 2*g + 6 - 6*g**z + 6 - 9 - g**3. Give r(-6).
-9
Let c(u) = -u**3 - 5*u**2 + 5*u + 1. Suppose 40 = -8*p - 0*p. Give c(p).
-24
Let k(j) = 96 + j**2 - 8*j + 93 + 10*j - 187. Let z(q) = -2*q**2 - 3*q - 1. Let b be z(-2). What is k(b)?
5
Let x(s) be the first derivative of -s**6/90 + s**4/24 + 29*s**3/3 - 15. Let u(w) be the third derivative of x(w). Determine u(1).
-3
Let k(j) be the first derivative of -j**7/840 - j**6/180 + j**5/30 + j**4/8 + j**3 - 15. Let w(x) be the third derivative of k(x). Determine w(-3).
0
Let t(w) = 32*w + 37. Let q(j) = 5*j + 1. Let a(d) = -6*q(d) + t(d). Give a(-13).
5
Let u = -623 - -313. Let z be u/(-60) - 2/12. Let g(n) = -5*n**3 + n**2 + 6*n + 2. Let v(i) = -i**3 - i**2 + i + 1. Let d(l) = -g(l) + 4*v(l). Determine d(z).
-8
Let u = -4 - -7. Suppose 6*s = s + 3*r + 8, 0 = -5*s - u*r + 2. Let l(k) be the second derivative of 3*k**3/2 + k**2/2 + k - 33. Calculate l(s).
10
Let t(h) = h + 9. Let m be 4/46 - 418/46. What is t(m)?
0
Suppose 0*x = 3*x - 9. Let w(t) = -x + t**2 + 2 - 7*t - 2*t**2. Give w(-5).
9
Let t be (68/(-6))/(3/(-9)). Let n = -33 + t. Let k(f) = -2*f**3 + 2*f - 1. Give k(n).
-1
Suppose 62 = 5*g - 23. Suppose -3*y = -28 - g. Suppose 5*x = j + 26, 2*x - 2*j = 3*j + y. Let l(h) = -h**2 + 5*h - 1. Calculate l(x).
-1
Let a(d) be the first derivative of 5*d**4/4 - d**3/3 - 7. Suppose -3*h + 14 = -37. Let n = h - 16. Determine a(n).
4
Suppose v = 1 - 2, -4*b + 17 = -5*v. Let x(y) be the third derivative of y**6/120 - y**5/20 - y**4/12 - y**3/3 + 563*y**2. Determine x(b).
-8
Suppose 3*y - 96 = 2*m - 4*m, -129 = -4*y - 3*m. Suppose 0 = -0*j - 5*j + y. Let h(d) = d**2 - 6*d + 2. Determine h(j).
2
Let q(g) = g**3 - 2*g**2 - 3*g + 2. Let s = 1472 - 1468. What is q(s)?
22
Let m(d) = d**2 + 2*d + 9. Let p(h) = -h**2 + 2*h. Let w(q) = -m(q) - 2*p(q). Give w(8).
7
Let v(q) = 12*q - 66. Let k be v(5). Let f(b) = -b**3 - 5*b**2 + 7*b + 5. What is f(k)?
-1
Suppose -a + 3*s = -4*a - 198, -a = 2*s + 68. Let p = a + 58. Let w(f) = f**2 + 4*f - 7. Give w(p).
5
Suppose -23*u = -22*u - 4. Suppose -q = 4*j + 2, -u*q + 2*j + 30 = -j. Let l(a) = 7*a + q*a - 12*a. What is l(-1)?
-1
Let o(j) = -3*j**2 - j - 2. Let s(d) = 6*d**2 + 2*d + 5. Let u(b) = 3*o(b) + s(b). Determine u(-4).
-45
Suppose -5*o + 10 = 3*u, -13 = 3*o + 7*u - 9*u. Let c(s) = 2*s**3 - s**2 + s + 1. Give c(o).
-3
Suppose 5*o + 6 = -0*o - 3*v, -2*o - 4*v = 8. Suppose -10 = -4*x + 2*w, 0 = -x - o*w - 5*w + 30. Let i(p) = p**2 - 6. What is i(x)?
19
Let a(p) = -p - 15. Let m be 2 + -1 + -2*(-1)/(-2). Determine a(m).
-15
Suppose 2 = 3*b - 1. Let j = b + -1. Let v(p) = -p + 24 - 43 + 14. Determine v(j).
-5
Suppose 7*n - 21 = 7. Let z(h) = 6 + n*h - h**2 - 5 + 4. Determine z(4).
5
Let k(o) be the third derivative of -1/6*o**3 + 0*o + 22*o**2 + 1/6*o**4 + 0. Give k(2).
7
Let d(t) = -t**3 - 6 + 2 - 2*t + 2*t**2 + 3 + 3*t. Let g(y) = -10*y - 38. Let r be g(-4). What is d(r)?
1
Let y(k) be the second derivative of 0 - 1/24*k**4 - 6*k - 7/2*k**2 - 1/6*k**3 + 1/120*k**6 - 1/10*k**5. Let x(l) be the first derivative of y(l). Give x(6).
-7
Let y(g) be the second derivative of -g**6/180 + g**5/30 - 11*g**3/6 - 4*g. Let z(h) be the second derivative of y(h). What is z(4)?
-16
Let q(v) = -v**2 - 2*v + 8. Let u(j) = -j**2 - j - 1. Let l(o) = 2*o**2 + 28. Let i(n) = l(n) + 5*u(n). Let t(s) = 6*i(s) - 17*q(s). Determine t(4).
2
Let k = 11 + -6. Let c(n) = -7*n + 30. Let z(j) = 8*j - 35. Let y(h) = 6*c(h) + 5*z(h). What is y(k)?
-5
Let x = -32 + 34. Suppose -l + 4*l = 3*o - 15, 0 = -x*l - o - 1. Let u(g) = g**2 + 5*g + 1. What is u(l)?
-5
Suppose -1563 = 14*i - 1731. Let r(j) = 2*j - 5. Determine r(i).
19
Let j = -1285 - -1290. Let s(n) = n**2 - 4*n - 5. Give s(j).
0
Let a(c) = c**2 - 2*c - 14. Let s(x) = 12*x + 102. Let j be s(-8). What is a(j)?
10
Let o(w) = -w**3 + 8*w**2 - 6*w + 3. Suppose -5*q + q = -20. Let b(x) = -2*x**3 + 17*x**2 - 11*x + 6. Let r(v) = q*o(v) - 2*b(v). Determine r(5).
-12
Let o(a) = a**3 + 21*a**2 - 24*a - 43. Let x be o(-22). Let u(s) = -17*s**3 + 2*s - 1. What is u(x)?
-16
Suppose 0*p + 4*p = 2*u - 16, -3*u + 14 = -4*p. Let w(z) = z**2 + 2. Calculate w(u).
6
Suppose 0*f = 4*f - 24. Let o(y) = y**2 - 2*y + 1. Let g(c) = 4*c**2 - 4*c + 12. Let n(w) = g(w) - 5*o(w). Calculate n(f).
7
Let z(t) = t**2 - t + 1. Let q be (-1)/((-4)/4*1). Let n = q + -3. Let a = 5 + n. Determine z(a).
7
Suppose -10*c - 613 = -593. Let v(n) = -4*n + 9. Let r(i) = -i + 2. Let s(g) = -9*r(g) + 2*v(g). Give s(c).
-2
Let f(g) = g**2 + 4*g + 1. Let z(b) = 6*b - 56. Let x be z(10). Give f(x).
33
Let z(p) = -p**2 + 5*p - 3. Suppose -r = 3*r + 4*y - 36, 15 = 2*r + y. Suppose -2*c + c + r = 0. Suppose 0 = 3*j - k - c, -7*k - 4 = -2*j - 3*k. What is z(j)?
3
Let d(c) be the first derivative of -c**4/12 + 5*c**3/6 - 6*c**2 - 10. Let l(o) be the second derivative of d(o). Give l(4).
-3
Let g = 68 - 65. Let l(v) = 4 - 2*v**2 + 4*v - 3*v + 0*v - g. Determine l(-2).
-9
Let y be ((-14)/(-4) - 3)*6. Suppose -g - y*g = -24. Let c(v) = g*v - v**2 + 2*v - 3*v + v**3 + 7*v**2 + 2. Determine c(-5).
2
Let h(n) be the second derivative of 1/3*n**4 + 1/20*n**5 + 7/2*n**2 + 6*n + 0 - 1/2*n**3. Suppose 0 = -0*z + 5*z + 25. Give h(z).
-3
Suppose 3*i - 4*w - 142 = -2*i, -5*i + 148 = -w. Suppose i*v = 25*v - 45. Let y = v - -17. Let j(q) = 2*q - 9. Determine j(y).
7
Suppose -3*r = j - 18, 6*r = -2*j + r + 38. Let l = j - 11. Let h = 15 - l. Let v(y) = -2*y - 1. Calculate v(h).
-5
Let m(y) = 4*y - 4. Suppose 7*o - 14*o = -49. Calculate m(o).
24
Let z(w) = -w**2 - 6*w - 2. Let r(y) = -2*y**2 - 12*y - 4. Let m(l) = -6*r(l) + 13*z(l). Suppose 11*s - 47 - 8 = 0. Suppose -p + 0*p - s = 0. Determine m(p).
3
Let i(q) = q + 34. Let j(a) = -2*a - 38. Let u(c) = -5*i(c) - 6*j(c). Calculate u(-10).
-12
Let a(v) be the first derivative of -v**2 + 4*v + 1. Suppose 4*j - 8 = 2*i, -j - i = 2 - 4. Let y be j/(-7) - 69/(-21). Give a(y).
-2
Let h be 28/(-16 + 30) + (-19 - 1). Let q(d) = d**2 + 15*d - 42. Determine q(h).
12
Suppose -3 = -b + 4. Suppose -b*x + 3*x + 12 = 0. Let j(t) be the first derivative of t**2 - 3*t + 212. Give j(x).
3
Let d(p) = p**2 + 11*p - 12. Let u = -224 - -212. Give d(u).
0
Let f(u) = -9*u + 16*u + 5*u**2 - 5*u + u**3 + 3 - 7*u. Give f(-6).
-3
Let x be 0 - (0 + -6 - -6)/(-3). Let u(b) be the second derivative of 1/6*b**4 + 1/20*b**5 + 1/2*b**2 + 4*b + x + 0*b**3. Calculate u(-2).
1
Suppose 0 = -2*c + 5*c + 4*m - 23, 16 = 4*c - 2*m. Let a(l) = -14*l**3 + 0*l**2 + 13*l**3 + 1 - 7*l + 6*l**2 + 3*l. Determine a(c).
6
Let g(o) = 2*o**2 - 2*o - 4. Suppose 0 = 383*r - 377*r + 18. Calculate g(r).
20
Let u(c) = -c**2 - c**2 - 12 - 4*c**2 + 5*c**2. Let d(h) = -1. Suppose 3*k + 9 - 12 = 0. Let r(g) = k*u(g) - 5*d(g). Calculate r(0).
-7
Let j(v) = v**3 - 5*v**2. Let t(b) = 5 - 6*b - 2*b**3 + 5*b**3 + b**3 + 5*b**2 - 3*b**3. Suppose -2*m + m + 15 = -3*n, -n - 3 = -m. Let h be t(n). Give j(h).
0
Let n(i) be the first derivative of -i**5/20 - 2*i**4/3 - 7*i**3/6 - 2*i**2 + 12*i + 8. Let b(p) be the first derivative of n(p). Calculate b(-7).
-4
Suppose 2*j - q = j - 1, 4*q = -2*j + 16. Let x(z) = -228*z**2 + z**3 + 5*z - 3*z + 227*z**2. Calculate x(j).
8
Let n(v) be the third derivative of -v**5/60 - v**4/3 - v**3 + 6*v**2. Calculate n(-7).
1
Let m(p) = -9*p + 7. Suppose -2*y = -12 - 8. Let z(g) = g**3 - 6*g**2 - g + 2. Let d be z(6). Let r(n) = -4*n + 3. Let l(j) = d*m(j) + y*r(j). Calculate l(-2).
10
Suppose 0 = -5*h - 8 - 12. Let l(z) = -3*z**2 - 7*z + 5. Let b(c) = -16*c**2 - 36*c + 27. Let w(d) = 2*b(d) - 11*l(d). What is w(h)?
-5
Let u(q) = -3*q**2 - 2*q - 25. Let v(f) = -10*f**2 - 8*f - 79. Let l(h) = -13*u(h) + 4*v(h). Give l(-7).
2
Let r be ((-4)/6)/((-2)/(-6)). Let t(m) be the third derivative of 1/12*m**4 - 3*m**2 - 1/3*m**3 + 0*m + 0 + 1/15*m**5 + 1/120*m**6. What is t(r)?
2
Let t(n) = 3*n + 9. Suppose 15 = 13*p - 8*p. Suppose o + 9 - p = 0. Calculate t(o).
-9
Let b(u) = -8*u**2 + 3*u + 4. Let w(a) = 10*a**2 - 3*a - 3. Let v(o) = 6*b(o) + 7*w(o). Give v(1).
22
Let y = -9449/30 + 315. Let c(t) be the third derivative of 1/24*t**4 + 0 + 0*t - 3*t**2 + 0